mmon factor of 45 and 270.
45
What is the highest common factor of 621 and 333?
9
Calculate the greatest common divisor of 32928 and 28.
28
What is the greatest common factor of 20 and 490?
10
Calculate the highest common divisor of 340 and 200.
20
Calculate the greatest common factor of 2796 and 48.
12
Calculate the greatest common divisor of 162 and 432.
54
Calculate the highest common divisor of 470 and 10.
10
Calculate the highest common factor of 518 and 84.
14
What is the highest common factor of 60 and 128?
4
Calculate the greatest common factor of 27174 and 42.
42
Calculate the greatest common divisor of 21 and 539.
7
Calculate the highest common divisor of 22 and 3971.
11
Calculate the greatest common divisor of 56 and 728.
56
Calculate the greatest common divisor of 1771 and 3157.
77
What is the highest common factor of 56 and 1316?
28
Calculate the greatest common divisor of 6013 and 7.
7
Calculate the greatest common divisor of 65 and 6305.
65
Calculate the highest common divisor of 96 and 3.
3
Calculate the highest common factor of 180 and 342.
18
Calculate the greatest common factor of 61 and 1525.
61
Calculate the highest common divisor of 8364 and 4674.
246
What is the highest common factor of 1 and 1331?
1
Calculate the greatest common divisor of 21 and 1113.
21
Calculate the highest common divisor of 93 and 13361.
31
Calculate the greatest common factor of 1323 and 27.
27
What is the greatest common divisor of 666 and 74?
74
What is the highest common factor of 12439 and 35?
7
Calculate the highest common factor of 76 and 133.
19
Calculate the highest common divisor of 7380 and 90.
90
Calculate the greatest common factor of 92 and 1633.
23
What is the greatest common divisor of 6103 and 85?
17
Calculate the highest common factor of 48 and 22548.
12
Calculate the highest common factor of 6312 and 24.
24
What is the highest common factor of 6 and 1038?
6
Calculate the greatest common factor of 50 and 450.
50
Calculate the greatest common factor of 112 and 357.
7
What is the greatest common divisor of 30 and 1134?
6
What is the highest common factor of 413 and 118?
59
Calculate the highest common factor of 66 and 18.
6
Calculate the greatest common divisor of 92 and 644.
92
Calculate the greatest common divisor of 14 and 413.
7
What is the highest common factor of 5614 and 14?
14
Calculate the highest common divisor of 4 and 5.
1
What is the highest common factor of 68 and 16?
4
What is the highest common divisor of 6398 and 14?
14
What is the greatest common factor of 10 and 115?
5
Calculate the highest common divisor of 5596 and 4.
4
What is the greatest common divisor of 44 and 148?
4
What is the highest common factor of 136 and 68?
68
Calculate the greatest common divisor of 56 and 126.
14
What is the highest common factor of 16 and 256?
16
Calculate the highest common factor of 341 and 31.
31
What is the highest common factor of 45 and 1305?
45
What is the greatest common divisor of 6956 and 148?
148
What is the highest common divisor of 37 and 629?
37
Calculate the greatest common factor of 152 and 114.
38
Calculate the greatest common factor of 66 and 11286.
66
Calculate the greatest common factor of 42 and 273.
21
What is the highest common factor of 2277 and 99?
99
Calculate the highest common divisor of 2770 and 277.
277
Calculate the highest common factor of 62 and 682.
62
What is the highest common factor of 6 and 873?
3
Calculate the highest common divisor of 35 and 133.
7
What is the greatest common divisor of 31 and 403?
31
Calculate the greatest common divisor of 825 and 225.
75
What is the highest common factor of 402 and 48?
6
What is the highest common divisor of 55 and 209?
11
What is the highest common divisor of 1424 and 16?
16
Calculate the greatest common divisor of 11 and 44.
11
Calculate the greatest common factor of 1116 and 36.
36
What is the highest common factor of 228 and 4047?
57
Calculate the greatest common factor of 530 and 50.
10
Calculate the greatest common factor of 21420 and 126.
126
What is the greatest common factor of 80 and 368?
16
Calculate the highest common factor of 250 and 870.
10
What is the highest common divisor of 765 and 102?
51
What is the greatest common divisor of 12 and 9?
3
Calculate the greatest common divisor of 516 and 48.
12
Calculate the highest common factor of 4 and 113.
1
What is the highest common factor of 17 and 136?
17
Calculate the greatest common divisor of 6785 and 2655.
295
What is the greatest common factor of 141 and 11327?
47
What is the greatest common divisor of 1220 and 10?
10
What is the highest common divisor of 8 and 146?
2
What is the highest common divisor of 6828 and 12?
12
Calculate the highest common divisor of 3042 and 18.
18
Calculate the highest common factor of 200 and 1856.
8
What is the highest common divisor of 6 and 24?
6
Calculate the greatest common factor of 2640 and 560.
80
Calculate the greatest common factor of 26 and 78.
26
Calculate the highest common factor of 16 and 464.
16
Calculate the highest common divisor of 874 and 76.
38
Calculate the highest common divisor of 1764 and 49.
49
What is the highest common divisor of 3 and 15?
3
Calculate the greatest common factor of 1368 and 4959.
171
Calculate the highest common divisor of 3536 and 1122.
34
Calculate the highest common divisor of 100 and 2450.
50
What is the highest common divisor of 408 and 24?
24
What is the highest common divisor of 12 and 3?
3
What is the highest common factor of 252 and 238?
14
What is the greatest common divisor of 551 and 522?
29
Calculate the greatest common divisor of 152 and 14744.
152
Calculate the highest common divisor of 30 and 1010.
10
What is the highest common divisor of 646 and 68?
34
Calculate the highest common factor of 54 and 42.
6
Calculate the greatest common factor of 143 and 847.
11
What is the highest common factor of 77 and 11?
11
Calculate the greatest common divisor of 6 and 6.
6
Calculate the greatest common factor of 61 and 2989.
61
What is the highest common divisor of 80 and 100?
20
Calculate the greatest common divisor of 166 and 1826.
166
Calculate the greatest common divisor of 16 and 256.
16
Calculate the greatest common factor of 79840 and 10.
10
Calculate the highest common factor of 39 and 65.
13
Calculate the greatest common factor of 24 and 108.
12
What is the highest common divisor of 5412 and 594?
66
Calculate the highest common factor of 442 and 52.
26
What is the highest common divisor of 255 and 60?
15
What is the greatest common factor of 210 and 84?
42
Calculate the highest common factor of 13320 and 54.
18
Calculate the highest common divisor of 1140 and 1425.
285
Calculate the greatest common factor of 10 and 265.
5
Calculate the greatest common divisor of 129 and 12.
3
Calculate the greatest common factor of 513 and 19.
19
What is the highest common factor of 124 and 4?
4
What is the highest common divisor of 28 and 8?
4
Calculate the highest common divisor of 851 and 23.
23
What is the greatest common factor of 648 and 64?
8
Calculate the highest common divisor of 79 and 711.
79
What is the highest common divisor of 72 and 2358?
18
What is the highest common factor of 255 and 120?
15
What is the highest common divisor of 44 and 132?
44
Calculate the greatest common divisor of 90 and 17280.
90
Calculate the highest common divisor of 2646 and 432.
54
What is the highest common divisor of 552 and 24?
24
Calculate the highest common factor of 36 and 24.
12
What is the greatest common factor of 2 and 162?
2
What is the greatest common divisor of 15 and 1245?
15
Calculate the highest common factor of 252 and 612.
36
Calculate the highest common divisor of 204 and 108.
12
What is the greatest common factor of 11 and 539?
11
Calculate the highest common divisor of 290 and 232.
58
What is the greatest common factor of 1458 and 1350?
54
What is the greatest common divisor of 66 and 942?
6
What is the highest common factor of 18 and 144?
18
Calculate the highest common factor of 39 and 611.
13
Calculate the highest common factor of 4890 and 240.
30
What is the greatest common factor of 210 and 300?
30
Calculate the highest common factor of 1812 and 36.
12
What is the highest common factor of 23 and 4?
1
